t common divisor of 9 and v.
9
Suppose -2*s = -7*s + 10. Let k be (18/8)/(s/8). Let f = -1 + k. Calculate the highest common divisor of f and 1.
1
Suppose -c + 50 = x, -4*x - c + 314 = 102. Let m(o) = o**2 - 9*o + 26. Let i be m(5). What is the greatest common divisor of x and i?
6
Suppose n + 13 = -4*q, 5*n + 3*q - 7 = q. Let j(b) = 6*b - 9 - 3*b + 3*b. Let z be j(6). Calculate the greatest common divisor of z and n.
3
Suppose -3*i + 7 = u, 3 = i + 5*u + 24. Let s(h) = 7*h - 6. Let x be s(i). Calculate the greatest common divisor of 11 and x.
11
Let s be 1/(-3) + 172/3. Suppose g + 14 = -h + s, -2*h - 5*g + 98 = 0. Calculate the greatest common divisor of h and 13.
13
Suppose 9*t + 2*t - 187 = 0. Let k = 523 - 353. Calculate the greatest common factor of k and t.
17
Suppose -5*r = -18 - 32. Calculate the highest common divisor of 10 and r.
10
Let y be (-3)/(-18) + 116/24. Let l = y + 2. Calculate the greatest common factor of 28 and l.
7
Let t = 87 + -46. Suppose -3*k = -t - 13. What is the highest common divisor of 6 and k?
6
Let a = 4 + -1. Let d be 2 - (-1*34 + a). Calculate the greatest common divisor of d and 22.
11
Let q = -273 - -382. Suppose h - 2*m - q = -4*m, 0 = -4*m - 12. What is the highest common factor of h and 46?
23
Let s = 371 - 246. Calculate the greatest common divisor of s and 50.
25
Let p = 115 - 43. Suppose 3*n + 4 = 2*y - 11, -2*n + 20 = 2*y. Calculate the highest common divisor of p and y.
9
Suppose 2*b + 726 = 3*t - b, 5*b - 734 = -3*t. Let w = -92 - -257. Suppose -w = -3*x + t. What is the greatest common divisor of 17 and x?
17
Let c be (-1)/(-3) + (-2226)/63. Let k(o) = -8*o - 1. Let u be k(1). Let m = u - c. Calculate the greatest common factor of 13 and m.
13
Suppose -2*u + 3*d - 3 = 0, u - 3*u = -2*d. Let m = 40 - 7. What is the greatest common factor of m and u?
3
Let y(f) = f + 38. Let n be y(-23). What is the highest common factor of 165 and n?
15
Let z = 23 + -22. Calculate the highest common divisor of 7 and z.
1
Let q be 2 + 66 + (1 - 3). Suppose -q = -4*s + 3*s. Calculate the highest common divisor of s and 22.
22
Let h = 8 + -13. Let q(x) = -x - 2. Let p be q(h). Suppose 0 = -r + 2*i + 6, -2*i = 3*i. What is the greatest common divisor of p and r?
3
Suppose -165 = -2*s + 5*c, -c + 167 = 2*s - 16. Calculate the highest common divisor of s and 10.
10
Let r be 5/2 + 1/2. Suppose -4*z = 4*v - 24, 0 = -r*v + z - 5*z + 19. Calculate the greatest common divisor of v and 10.
5
Let t(m) = 2*m - 4. Let s be t(3). Suppose 6*r = 4*r + 40. Let z = -16 + r. Calculate the greatest common divisor of s and z.
2
Suppose -3*t + 29 + 7 = 0. Let y be 2/8 - (-93)/t. What is the greatest common factor of 2 and y?
2
Suppose 17*h - 72 = -h. Calculate the greatest common factor of h and 12.
4
Suppose 3*p = -2 + 17. Let b(m) = m**2 - 6*m + 6. Let o be b(p). Let c be o + 159 - (-2)/1. Calculate the highest common factor of c and 18.
18
Let i(q) = q**2 - 5*q - 4. Let f be i(6). Suppose 0*j = f*j - 12. What is the greatest common divisor of j and 18?
6
Let x(l) = 3*l**2 + l. Let m be x(-1). Let w = 1 + m. Suppose 4*z - 2 = -3*h + 34, -w*z + 36 = 3*h. What is the highest common factor of h and 12?
12
Let o be 1 + 1 + -2 - -3. Suppose -3*t - k = -4*k + 24, 4*t = -k - 27. Let d be t*1/2*-6. Calculate the greatest common factor of d and o.
3
Let t = -30 + 43. What is the greatest common divisor of t and 78?
13
Suppose 0 = 18*j - 145 - 143. Let t(r) = 2*r**2 + 4*r + 2. Let v be t(-2). What is the highest common factor of j and v?
2
Let c = -4 - -6. Suppose c*y = -91 + 221. Let f be ((-17)/51)/(1/(-78)). Calculate the highest common divisor of f and y.
13
Let b = -25 + 43. What is the highest common factor of 6 and b?
6
Let j(t) = t**2 + 14*t - 11. Let g be j(-17). What is the greatest common divisor of 5 and g?
5
Let t(u) = u**2 - u. Let h be t(3). Let q(k) = -k**2 - 7*k - 3. Let x be q(-4). Calculate the highest common divisor of x and h.
3
Let d = -36 - -48. What is the greatest common factor of 96 and d?
12
Let j = -12 + 16. Suppose -j*p + p = -240. What is the highest common factor of 16 and p?
16
Let i = 14 + 16. Let m = 32 + -23. Let b = m - -3. What is the highest common factor of b and i?
6
Let b(f) = f**2 + 11*f + 4. Let v be b(-8). Let s(r) = 2*r**2 - r - 1. Let u be s(-5). Let m = v + u. What is the highest common divisor of m and 17?
17
Suppose 31 = 4*b - 5*t - 64, 4*t - 88 = -5*b. What is the greatest common factor of 30 and b?
10
Let a = -34 + 48. Calculate the greatest common factor of 28 and a.
14
Suppose 4*y - 4 - 28 = 0. Let z = 38 - 26. Calculate the highest common factor of y and z.
4
Let s = -32 + 46. Calculate the greatest common factor of s and 28.
14
Suppose -10*q + 212 = -48. What is the greatest common factor of q and 52?
26
Suppose v = 0, 8*v - 54 = -3*a + 3*v. Suppose -5*k + 9*k - 108 = 0. What is the highest common factor of a and k?
9
Suppose -7*p + 100 = -2*p. Let m(h) = 2*h**2 - h - 3. Let c be m(-4). Suppose 4*o - 87 - c = 0. What is the highest common factor of o and p?
10
Suppose 166 = -3*o + 499. Suppose -o - 89 = -5*q. What is the greatest common factor of q and 5?
5
Let q = -8 - -16. Let d = -56 - -144. Calculate the highest common divisor of q and d.
8
Let s be -2*1 - (-78)/2 - -2. Suppose -4*l = -12, -f + 0*l - 4*l + 38 = 0. Calculate the greatest common factor of f and s.
13
Suppose 3*n = -5*w + 698, -2*n + w = -707 + 246. What is the greatest common factor of n and 21?
21
Suppose 2*k - 3 = k. Let v be (2*k)/((-8)/(-12)). What is the highest common divisor of v and 9?
9
Let m = 10 + 2. Calculate the highest common divisor of 3 and m.
3
Let t(u) = 32*u**2 + u - 1. Let m be t(1). Suppose 0 = -15*v + 10*v + 40. Calculate the greatest common factor of m and v.
8
Let k be (-2)/9 - (-83)/9. Suppose 3*n - 2*u = n - 10, -4*u = -n - 2. Let z be -2*(1 + 249/n). Calculate the greatest common factor of z and k.
9
Let y be 2 + -2 + (-210)/3. Let g be y/(-6) + (-3)/(-9). Suppose 18 = 3*i + 3*k, -2*i + 4*i - 3*k = g. What is the greatest common factor of 18 and i?
6
Suppose 4*m - 2*m - 40 = 0. What is the greatest common factor of m and 8?
4
Let a(j) = -6*j**2 + 14*j + 1. Let p be a(2). Suppose r = -2*r. Let o be r/(2/1) + 40. What is the highest common divisor of o and p?
5
Let p(a) = a**3 - 6*a**2 + 2*a - 8. Let i be p(6). Suppose 5*n = i*v + 43, 16 + 11 = 3*n - 2*v. Let d = -31 - -53. What is the highest common factor of d and n?
11
Let k = -189 - -324. What is the greatest common factor of 15 and k?
15
Suppose 0 = 2*m - 53 - 145. Let v be -4 + 0/(-1) + -2. Let o be (5 - v) + (0 - 0). Calculate the highest common factor of o and m.
11
Let o(j) = -3*j**3 + 2*j**2 - j. Let u be o(1). Let f be -26*(-1)/u*-1. Let s be 5/(40/18)*52. What is the greatest common divisor of f and s?
13
Suppose 4*h = 20, 1006 = 3*s - 7*h + 3*h. What is the highest common factor of s and 38?
38
Let h = -4 - -36. Calculate the highest common factor of h and 32.
32
Let a = -22 + 54. What is the highest common divisor of a and 8?
8
Suppose 0*r + r = 0. Suppose o = 4*v + 77 - 12, o - 1 = r. Let i be 5/1*v/(-10). What is the highest common divisor of i and 8?
8
Suppose 0 = -3*k + 3*x + 198, 3*x + 272 - 5 = 4*k. Calculate the greatest common factor of 46 and k.
23
Suppose -b + 1595 = 4*b. Let a(g) = 2*g**2 + 9*g + 11. Let i be a(-6). What is the highest common divisor of i and b?
29
Let v(f) = f**2 - 19*f - 54. Let a be v(22). What is the greatest common divisor of 12 and a?
12
Let g(h) = -h**2 - h + 36. Let r be g(0). What is the greatest common divisor of r and 4?
4
Suppose -5*s + 77 = 2. Let u be 99/(-12)*(-80)/6. Suppose 5*n - 115 - u = 0. What is the highest common factor of s and n?
15
Let f(d) be the second derivative of d**4/4 - d**3 - 3*d**2 - d. Let p be f(5). Let t = 24 + 2. What is the highest common divisor of p and t?
13
Let c be 2/7 - (-145)/7. Let q be (-243)/(-21) - 6/(-14). Let w be (q/(-16))/((-3)/252). What is the highest common divisor of c and w?
21
Suppose -5*f = 4*j - 31, -9 = 4*f + 5*j - 41. Let d be 210/9 + 2/3. What is the greatest common divisor of f and d?
3
Let v be 2/(-4) + 14/(-4). Let r(c) = 8*c**3 + c**2 - 2*c + 1. Let s be r(1). Let k = v + s. What is the greatest common factor of 28 and k?
4
Suppose -